 t = 263 - 259. Suppose t*z + q = -6, -8*z + q = -10*z - 2. Give d(z).
-24
Suppose 3*m = -3*i + 12, -m = 16*i - 13*i + 4. Let k(o) = -o**2 + 7*o - 15. Calculate k(m).
-23
Let j = 1 - 15. Let d = j + 28. Let t be (-1)/((-1)/(-2)*d/21). Let u(k) = -4*k - 3. Give u(t).
9
Let n be (8/(-10))/(72/360). Let w(h) = 3*h + 4. What is w(n)?
-8
Let v(c) = c**2 - 12*c - 2. Suppose 35*w + 20 = -610. Let x be ((-24)/w)/((-8)/(-66)). Determine v(x).
-13
Suppose -20 = -o - 25. Let c(m) = -11*m - 6. Let r(g) = 9*g + 6. Let a(l) = o*c(l) - 6*r(l). What is a(6)?
0
Let g = -156 + 165. Let o(i) = -g*i + 10*i - 2 + 0*i. Determine o(2).
0
Let k = -3674 + 3656. Let m(w) = -w**3 - 19*w**2 - 18*w + 6. Determine m(k).
6
Let j(s) be the second derivative of -s**4/6 - 3*s**3/2 - 12*s**2 + 5417*s. What is j(-3)?
-15
Let k(f) = 9*f**3 - 10*f**2 - 7*f. Let j(b) = 19*b**3 - 22*b**2 - 15*b. Let l(z) = -6*j(z) + 13*k(z). Let y = -53 - -51. Calculate l(y).
-14
Suppose -9*h + 31 = -41. Suppose -25*j = -23*j - h. Let t(z) = -1 - 2 + 0*z - 2*z + 5*z**2 - j*z**2. Determine t(-3).
12
Let f(h) = -h**2 - h - 1. Let q(p) = 53*p + 3929. Let s be q(-74). Calculate f(s).
-57
Suppose -2*b = -4*x - 114, 2*x + 0*b + 63 = -b. Let p be 6/15*x/(-8)*2. Let w(q) = -8*q**2 - q**3 - 8 - 6*q**3 + 2*q**2 + 5*q + 6*q**p. Calculate w(-7).
6
Let b(m) be the second derivative of -m**4/12 + 3*m**3/2 - 5*m**2/2 + m. Suppose -64*w = -474 + 26. Give b(w).
9
Let s(b) = 5*b**3 + 8*b**2 + 10. Let a be (-1)/7 - (-32)/28. Let t(l) = l**3 + l**2 + l + 1. Let g(p) = a*s(p) - 4*t(p). Calculate g(-5).
1
Suppose -2*j = 3*j + 3*l + 7, 5*j = -5*l - 5. Let x be j - (-6*1 - 5/(-1)). Let k(w) = -9*w**3 - w - 1. What is k(x)?
9
Suppose 3*f - o + 2*o = -13, -5*o = 20. Let b(k) be the third derivative of 1/3*k**3 + 0 - 1/8*k**4 + 0*k - 89*k**2. Give b(f).
11
Let p(g) = 2*g - 4. Let u be p(4). Suppose 7*d + 7 = -u*t + 2*d, 2*t = 2*d + 10. Let b(w) = w - 158*w**2 + 150*w**t + 0*w**3 + w**3. Determine b(8).
8
Let j = -31 + 33. Let i(x) be the first derivative of x**2 + x + 91. Let f be i(j). Let u(c) = -c**2 + 8*c - 7. Give u(f).
8
Let v(w) = 13*w**3 - 15*w**2 - 13*w - 45. Let i(q) = -11*q**3 + 14*q**2 + 12*q + 45. Let j(t) = 7*i(t) + 6*v(t). What is j(-8)?
-3
Let v(k) = 5*k**2 - 3*k. Suppose 40 = -4*w + 4*u, -24*w = -22*w + 5*u - 29. What is v(w)?
54
Let a(g) = -3*g + 27. Let h = -2905 + 2915. Calculate a(h).
-3
Let q(j) = 119 - 48 - 8 - 5 - 3*j + j. What is q(0)?
58
Let o(s) = -s. Let z(g) = -2*g - 1. Let d(r) = -6*o(r) + 5*z(r). Suppose 0 = -5*f - 63 + 53. Let x be d(f). Let b(c) = -2*c**2 + 2*c - 4. Determine b(x).
-16
Let u(z) = -6*z**3 + z**2 + 5*z - 5. Let t(x) = 5*x + 116. Let a be t(-23). What is u(a)?
-5
Let f(b) = 23*b + 23. Let a = -1896 - -1895. Determine f(a).
0
Suppose -6*i + 7*i - 4 = 0. Let l be (i - (1 + 3 + -4)) + 11. Suppose -l = q - 4*u, -10 = 6*q - 4*q - 4*u. Let t(k) = 2*k**2 - 7*k - 1. Determine t(q).
14
Let u(g) = -3*g**3 - 52*g**2 - 16*g + 16. Let h be u(-17). Let k(o) = -22*o + 5. Determine k(h).
27
Let q(m) = -16*m + 197. Suppose -13*z + 1010 = -40*z + 1334. Give q(z).
5
Let k(j) be the third derivative of j**4/12 + 2*j**3 + 5*j**2. Let x be k(0). Let s(a) = -2 - 3*a**3 + 4*a**3 - 4*a**2 + 15*a + 1 - x*a. Calculate s(2).
-3
Let v(q) = q**2 - 2*q - 2. Let j = -9 - -13. Suppose -453 = j*p - 141. Let h be p/(-14) + (-44)/77. Calculate v(h).
13
Let r be ((-2)/(-8) + -1)*(-3 - 1). Let y be -8 + 4 - (r - -1 - 7). Let z(m) = 6*m + 1. Calculate z(y).
-5
Let j(v) be the first derivative of 39 + 17*v - 21*v - 6 + v**2. Let s be 8/(-28) - 46/(-14). Determine j(s).
2
Let n(o) = 2*o**3 + 6*o**2 + 11*o + 15. Let w be n(-2). Let q(r) = -35*r + 41. Give q(w).
6
Let v(m) = -3*m**2 - 3 - 6*m + 1 + 4 - 7*m**3 + 8*m**3. Let x be 1/(((-14)/8)/(-7)). Suppose -x*p + 3*b = -25, 4*b - 2 = -4*p + 2. Calculate v(p).
-6
Let c(f) = 17*f - 2. Let s be c(8). Let j = s - 195. Let p = j - -67. Let g(r) = -2*r + 9. Give g(p).
-3
Let u(t) = t**2 + 2*t + 3. Let q(l) be the first derivative of l**3/3 + 8*l**2 - 21*l + 58. Let m be q(-17). Determine u(m).
11
Let m(l) be the first derivative of -l**3/3 - 2*l**2 - 3*l - 8. Let x(b) = b**2 - 7*b. Let p be x(6). Let c be 5*(p + -6 + 11). Calculate m(c).
-8
Let o(n) = n**3 + 7*n**2 + 5*n + 2. Let u = 58 - 48. Suppose -u*g - 12 = 48. Calculate o(g).
8
Let a(r) = -6*r**2 - 3*r + 1. Let f(n) = -2*n**2 + 6*n - 1. Let b(j) = a(j) + f(j). Give b(-1).
-11
Let m = -10456 + 10451. Let b(p) = -p**2 + p + 7. Determine b(m).
-23
Let w(m) = 7*m**2 - 18*m + 100. Let h(u) = -16*u**2 + 33*u - 200. Let g(s) = -3*h(s) - 7*w(s). What is g(23)?
-8
Let k(o) be the third derivative of -13*o**4/12 - o**3/6 - 2*o**2 - 994. Determine k(3).
-79
Let v be -2*1/(-3) + (-34)/6. Let g(u) = -3*u**2 - 15*u + 2. Let b be g(v). Let m(q) = -22*q + 1. Give m(b).
-43
Let c(p) = -3*p + 2. Let v = 11615 + -11616. Calculate c(v).
5
Suppose -4*x + 3*a = 7 + 39, -56 = 5*x - 3*a. Let j be (12/x - -2) + (-588)/210. Let o(r) = 7*r + 2. Give o(j).
-12
Let b(f) be the second derivative of -f**5/20 + f**4/3 - 2*f**3/3 + f**2 + 631*f. Let i = 20 - 17. What is b(i)?
-1
Let f(o) be the second derivative of -o**4/12 + o**3/6 - o**2/2 + 24*o. Suppose -39 = -28*z + 15*z. Calculate f(z).
-7
Let w(v) be the second derivative of -v**4/12 + v**3/6 + 7*v**2 + 2*v + 2250. Calculate w(4).
2
Let x(i) = 9*i**2 + 38*i + 15. Let k(j) = 5*j**2 + 19*j + 8. Let p(d) = 7*k(d) - 4*x(d). Suppose 0 = -4*b + y - 72 - 0, -5*b - 103 = 2*y. Give p(b).
-4
Let d(u) = -u**3 + u**2 + 12*u - 10. Let t be d(-3). Let x(p) = -2*p**2 - 20*p + 2. What is x(t)?
2
Let t(v) = -v**3 - 7*v**2 + 29*v - 13. Let i be t(-10). Let h(a) = -16*a - 52. What is h(i)?
-4
Let a(z) be the first derivative of z**3/3 - 7*z**2 - 6*z - 18. Let s be a(13). Let x(p) = -p**3 - 20*p**2 - 20*p - 27. Determine x(s).
-8
Suppose 5*z - 2*z = 3. Let c(i) = 27*i**2 + 24*i**2 - i + 24*i**2 + 18*i**2 - 95*i**2 + 3*i**2. Calculate c(z).
0
Let g(q) = q + 5. Let c(u) = -u**2 - 167*u + 38*u + 62*u + 47*u + 78. Let d be c(-23). Give g(d).
14
Let q(o) = -47*o**2 + 12 - 46*o**2 - 54*o**2 + 220*o**2 - 9*o - 72*o**2. What is q(5)?
-8
Let g(n) = 6*n**3 + 1. Let i = -67 + -326. Let k = i - -394. What is g(k)?
7
Let m(t) = t**3 + 2*t**2 + 4. Let c(x) = 419*x**3 - 3*x**2 + 10 - 14 - 420*x**3. Let h(z) = -3*c(z) - 4*m(z). Give h(0).
-4
Let c(a) = 5*a - 78 - 83 + 172 - a**2 + 0*a**2. What is c(6)?
5
Let t be (-8)/12*1 + (280/15 - 5). Let k(q) = -5*q + 85. What is k(t)?
20
Let v(s) = 8*s**2 + 17*s - 50. Let m(l) = 9*l**2 + 19*l - 58. Let o(f) = 5*m(f) - 6*v(f). Give o(-4).
-10
Suppose 9*t - 145 = -199. Let f(y) = 17*y**2 + 102*y + 4. What is f(t)?
4
Let t be ((-28)/(-16))/((-35)/140). Let l(c) be the first derivative of c**3/3 + 2*c**2 - 4*c + 2. Calculate l(t).
17
Let c be (-94)/(-14) - (-2)/7. Let i(h) be the third derivative of 0 + 5/6*h**3 + 0*h - 131*h**2 + 1/24*h**4. What is i(c)?
12
Let p(f) be the first derivative of f**3/3 - 15*f**2/2 + 6*f + 768. Determine p(15).
6
Let n(w) = -w**2 - 6026 + w**2 + 3009 + 3014 - w + 18*w**2. Determine n(-1).
16
Let r(i) = 19*i - 110. Let q be r(10). Let h = -71 + q. Let o(w) = 2*w - 8. Give o(h).
10
Let c(a) = -4*a + 124. Suppose 5*q = 215*i - 214*i - 49, 0 = -2*i + 5*q + 83. Determine c(i).
-12
Let c(o) = 5*o + o**3 + 0*o**3 - 7 + 6*o + 9*o**2. Let h be (-48)/14 + 12/(-21) + (-19 - -15). Calculate c(h).
-31
Let s = -10357 + 10355. Let v(g) = -3*g**3 - 3*g**2 + g + 2. Give v(s).
12
Let m(t) = -309959*t + 154977*t + 154978*t - 4. Suppose -2*f + 4 = -f, -4 = 5*j + 4*f. Determine m(j).
12
Let z(g) be the second derivative of -g**5/20 - 3*g**4/2 - 3*g**3/2 + 115*g**2/2 - 79*g + 42. Determine z(-17).
-21
Let m(c) be the first derivative of -c**2/2 + 12*c - 926. Give m(-8).
20
Let q(y) = y + 13. Let r be q(-11). Suppose 13 = -r*t - 1. Let v(n) = -n - 9. What is v(t)?
-2
Let k(y) = -3*y**2 + 3*y**3 + 2*y - 2*y**3 + 0*y**3. Suppose 0 = -10*i + 8*i + 4. Suppose -3*g + 2 = i*p - 0*p, 4*p = 4*g - 16. Calculate k(g).
0
Let x(f) be the second derivative of -5/6*f**3 + 0*f**2 - 1/12*f**4 + 30*f + 0. Let u be x(-4). Let o(j) = j**3 - 4*j**2 - 2*j. Give o(u).
-8
Let b be (-23 - -30) + (-110)/20. Let u(x) be the second derivative of x**3 + 1/12*x**4 + 0 - b*x**2 - 35*x. Determine u(-5).
-8
Let i(v) 